4, -296 = -4*i + 2*d. What is the units digit of i?
3
Let j be 10/(-15) - 16/(-6). What is the units digit of 6 + (1 - 5) + j?
4
Let q(k) be the third derivative of -k**4/24 - 2*k**3/3 - 12*k**2. Suppose 4 = -4*f - 16. What is the units digit of q(f)?
1
Suppose m - 4 = 4*u - 5*u, -28 = -3*m + 5*u. Suppose -4*a = -4*h - 20, 2*a + a = -4*h - m. Suppose -a*n - 2*n + 44 = 0. What is the units digit of n?
1
Let a(j) = -7*j**2 - j. Let y be 2 + (2 - (-9)/(-3)). Let i be a(y). Let z(f) = f**2 + 9*f + 12. What is the units digit of z(i)?
4
Let p = -19 + 82. What is the tens digit of p?
6
Suppose -p + 5 = -x - 15, 0 = -p - 4*x + 45. Let b = p + 3. What is the units digit of b?
8
Suppose 0*j = 2*j - 56. Suppose 0 = -2*o + l - 1, 4*o + 2*l = -10 + j. Suppose -3*m + 55 = o*m. What is the tens digit of m?
1
Let f = -43 + 62. What is the tens digit of f?
1
Let t = -16 + 26. Suppose 4*m - l - 7 = 13, -2*m = -l - t. Suppose -8 = m*u - 58. What is the units digit of u?
0
Let z = 5 + -1. Suppose -4*o - 2*j + 72 = 0, -j + 20 = z*j. What is the units digit of o?
6
Suppose -4*v + 46 = -94. What is the tens digit of v?
3
Let t(o) = o**2 - 6*o - 4. Let i be t(6). Let k = i - -5. What is the units digit of k?
1
Suppose -4*x + 3*u = -287, -325 = -6*x + x - 3*u. What is the tens digit of x?
6
Let t = -17 + 35. What is the units digit of t?
8
Let r(t) = t**3 - 6*t**2 - t + 8. Suppose 2*k = -4, -5*o - k - 3*k + 22 = 0. What is the units digit of r(o)?
2
Suppose -46 = -4*o - 2*y, 12 = o + 2*o - 3*y. What is the units digit of o?
9
Let j be -40 + (-3)/1 - 0. Let p = j - -79. What is the units digit of p?
6
Suppose -2*d + 14 = -5*c, d - 2*c - 8 + 2 = 0. Suppose 32 = 4*q - d*q. What is the tens digit of q?
1
Suppose -139 = -p + 178. What is the units digit of p?
7
Let w = -1 + 141. What is the tens digit of w?
4
Suppose 2*l + p - 48 = -19, -4*l + p + 61 = 0. Let w = l - 5. What is the units digit of w?
0
Let i = -3 - -5. Suppose -3*l - 21 = -3*f, 0 = 3*l + i*l + 2*f + 7. What is the units digit of 51/6 - l/6?
9
Let k(b) = 2*b + 1. Let d = 15 - 22. Let q be k(d). Let g = 18 + q. What is the units digit of g?
5
Let j(h) = h**2 - h - 3. Let v be j(3). Let f = v - -14. What is the units digit of f?
7
Let f = 203 + -44. What is the hundreds digit of f?
1
Let v(f) = f**2 - 7*f + 4. Let i be v(10). Suppose 5*s = 21 + i. What is the units digit of s?
1
Suppose -50*v - 656 = -54*v. What is the units digit of v?
4
Suppose -5*x + 55 = -g - 4*g, -5*x - 5*g = -95. Suppose x = p - 4. Suppose 5*l - p - 1 = 0. What is the units digit of l?
4
Let j be (-6)/(-5) - (-1)/(-5). Let k = 6 - j. What is the units digit of k?
5
Suppose 3*s - 11 = 196. What is the tens digit of s?
6
Let q be (-8)/(-10)*(-15)/(-2). Suppose 36 = 2*l + a, l - a + 19 = 2*l. Suppose -4*d + q*u = u + l, -2*d = -5*u + 21. What is the units digit of d?
2
Let w be 6/4*24/(-9). Let d = w - -6. Suppose 0 + 2 = d*a. What is the units digit of a?
1
Let x(l) = l**2 - 4*l - 15. Let j be x(7). Let o(h) = h**3 - 5*h**2 - 3*h + 8. What is the tens digit of o(j)?
2
Suppose -3*x = 2*x - 10. Suppose -11 = -3*k + x*u + 3*u, 3*k = -3*u + 3. Suppose v + k*v = 27. What is the units digit of v?
9
Let m(r) = -r**2 - 6*r - 4. Let v be m(-4). Let d = 14 + -5. Suppose -v - d = -u. What is the units digit of u?
3
Suppose -n - 4*b + 8 = 0, -5*b + 39 + 16 = 5*n. What is the units digit of n?
2
Suppose s + 0*s = -10. Let p = s - -11. What is the units digit of p?
1
Let i(l) = -l + 13. Let r = -1 + 1. Suppose 0*n - n + 3*v = 2, r = -3*n - 4*v + 33. What is the units digit of i(n)?
6
Let f = 0 + 65. What is the units digit of f?
5
Let d = -2 - -3. Let k(o) = 1 + d - 3 - 4*o**3. What is the units digit of k(-1)?
3
Suppose 11 = -4*i - 13. Let v = 7 + i. What is the units digit of v?
1
Let j be (-10)/((-4)/26 - 0). Suppose 3*i = -j + 2. Let r = i + 37. What is the units digit of r?
6
Let y(m) = -2*m + 9. Let t be y(7). What is the units digit of ((-10)/(-6))/t*-27?
9
Suppose 0*p - 2*h = -p - 8, 2*p = -5*h - 43. Let o = p - -23. What is the units digit of o?
9
What is the units digit of 298/4 - 3/6?
4
Let a = 167 - 153. What is the tens digit of a?
1
Let r(a) = -13*a + 25*a + 5 - 4*a. What is the tens digit of r(4)?
3
Let y(x) = x**3 - 6*x**2 + 6*x - 3. Let c be y(6). Suppose 7*t - 2*t + c = 3*h, 2*h = 4*t + 24. Suppose 2*b - h = -b. What is the units digit of b?
2
Let i = 416 + -199. What is the units digit of i?
7
Let k(c) = -c - 5. Let f be k(-8). Let o = 10 + f. What is the units digit of o?
3
Suppose -2*x + 1 + 9 = 0. Suppose 3*u = -4*y + 8*u + 53, 76 = x*y - 3*u. What is the units digit of y?
7
Suppose 38 - 533 = -5*k. What is the tens digit of k?
9
Let s(h) = -h**3 + 2*h**2 - 1. Let g be s(2). Let m = g - 5. What is the units digit of (-2)/2 + (m - -9)?
2
Let m(c) = c**3 + c**2 + c - 1. Let d(l) = -4*l**3 - 10*l**2 - 4*l + 8. Let k(f) = -d(f) - 5*m(f). Let g = 20 + -17. What is the tens digit of k(g)?
1
Suppose 12 = -4*w + 92. What is the tens digit of w?
2
Let i(m) = 2*m - 13. What is the tens digit of i(21)?
2
What is the units digit of ((-18)/15)/((-6)/285)?
7
Let b(q) = -5*q + 4. Let p be b(-8). Suppose t - 2 = -j + 9, 0 = -4*j - 3*t + p. What is the units digit of j?
1
Let w(m) = -9*m - 1. Let x = -14 - -13. What is the units digit of w(x)?
8
Let q be 33*(2 - 16/12). Suppose q*w = 25*w - 51. What is the tens digit of w?
1
Let j(q) = 4*q**3 + q. Let c be j(-1). Let t(z) = -z + 1. Let k be t(c). Let g(w) = w**3 - 7*w**2 + 6*w + 1. What is the units digit of g(k)?
1
Suppose -15 = 2*m - 5*t + 6, 2*m + t - 9 = 0. Let a be 30/9 - m/(-3). Let k = a - -3. What is the units digit of k?
7
Let a = 11 - 12. What is the tens digit of 36*a/(8/(-4))?
1
Let b be 32/6 + 4/6. Suppose -o - 170 = -b*o. What is the tens digit of o?
3
Let a(x) = 12*x**2 - x. What is the tens digit of a(1)?
1
Let a(b) = 15*b**2 - 2*b + 1. Suppose -3*n + 12 = 3*g, -4*g + 16 = 3*n + 3. What is the tens digit of a(g)?
1
What is the tens digit of 11/(-11)*((-3 - 377) + 1)?
7
Suppose -4*q = -2 - 78. What is the units digit of (16/q)/((-2)/(-15))?
6
Suppose -7*c + 2*a = -8*c + 69, 2*a = 5*c - 381. What is the tens digit of c?
7
Suppose -3*b + 5*r - 219 = -5*b, 2*r = 4*b - 402. What is the units digit of b?
2
Let f be 58/2 - (-10)/5. Suppose -4*r = -141 - f. What is the tens digit of r?
4
Let m = -5 + 7. Let p(w) = 5*w**m + 4*w**2 - 3 - 4*w**2 - 3*w**2. What is the tens digit of p(3)?
1
Let d(l) = -4*l - 11. What is the units digit of d(-5)?
9
Suppose -o = -0*o - 280. What is the tens digit of o/21 + (-2)/(-3)?
1
Let a(r) = 14*r - 5. What is the tens digit of a(3)?
3
Suppose 2*r - 2 = -2*r + 5*f, -4 = 2*f. Suppose 5*t - 2*j + 17 = j, -4*t = -j + 15. Let y = r - t. What is the units digit of y?
2
Let u(c) = -c**3 - 3*c**2. Let d be u(-3). Suppose -4*h - 5*q + d = -3, 5*h + 3*q = 7. Suppose 3*z - h = 1. What is the units digit of z?
1
Let x(v) = v**3 + 7*v**2 - 9*v + 4. What is the tens digit of x(-8)?
1
Let a be (-8)/16 + 5/2. Suppose -4*k + k = a*t - 1, -3*t = 2*k - 9. What is the units digit of t?
5
Suppose 9*j = 294 - 15. What is the units digit of j?
1
Suppose 4*o - 10 = -2. Suppose 0 = -5*h + 3 - 8. What is the units digit of h - o - 132/(-6)?
9
Suppose 0 = -17*i + 14*i + 165. What is the units digit of i?
5
Suppose 5*p + 558 = 2*k, p - 2*p - 5*k - 90 = 0. What is the tens digit of 8/(-36) - p/9?
1
Suppose 4*v = -5*b + 430, v + 9 = b - 68. What is the tens digit of b?
8
Let m be 22/10 - (-1)/(-5). Suppose -m*v - 2*v = -16. What is the units digit of v?
4
Let s(q) = -q**3 + q**2 + 17. Let r be s(0). Suppose 0 = 4*f - 7 - r. What is the units digit of (-2)/(-3) + 2/f?
1
Suppose -3*w = -4*v + 3*v - 11, 0 = 4*w + 2*v + 2. Let x(n) = w*n**3 + 5*n + 6*n**2 + n**2 - n**3. What is the units digit of x(-6)?
6
Suppose -3*o + 51 = -147. What is the units digit of o?
6
Let y(m) = -m**2 - 10*m - 12. What is the units digit of y(-8)?
4
What is the units digit of ((-360)/(-27) + (-2)/6)/1?
3
Suppose 3*h = 9*h - 618. What is the hundreds digit of h?
1
Suppose b = 4*b - 30. What is the tens digit of b?
1
What is the units digit of (-126)/4*8/(-6)?
2
Suppose -5*u - 3*y = -0*y + 10, -3*y = 4*u + 8. Let q = -5 - u. What is the units digit of 2 + 2/(-2 - q)?
4
Suppose -150 - 6 = -3*t. What is the units